
-11
Let c(z) = -z - 7. Let g = -20 - -20. Let x be (0 - -1)*(g/(-6))/(-3). Determine c(x).
-7
Let n(k) = k**2 - 5*k - 10. Let o(u) = u**2 + 15*u - 4. Let t be o(0). Calculate n(t).
26
Let o = 6 - 1. Suppose o*a = 11 - 1. Let i(j) = -j**3 + 2*j**2 - 3*j. Calculate i(a).
-6
Let n(l) = -28. Let h(v) = -v - 87. Let m(y) = -2*h(y) + 7*n(y). Give m(12).
2
Let u(d) = -d**3 - 7*d**2 - 3. Let n(i) = -i**3 + 3*i**2 + 4*i - 3. Let q be n(4). Let y = 278 + -282. Let a = q + y. Determine u(a).
-3
Let y = -1633 + 1636. Let x(v) be the first derivative of -1 + 1/4*v**4 + 7/3*v**y + 3*v**2 + 5*v. What is x(-6)?
5
Let m(c) = c**2 + 2*c + 0*c**2 + 1 + 2. Suppose -3*i = -0*i + 33. Let s = i - -9. Calculate m(s).
3
Let w be 1/(-2) - 2/(-16)*4. Let p(x) = -x + 6. Calculate p(w).
6
Let c(s) = -s**2 + 23*s - 16. Let u be 26 + ((-10)/12 - (-38)/(-12)). Calculate c(u).
6
Let s be ((-44)/20 - -3)*10/4. Let d(w) = -11*w + 2. Let i be 1*(-4)/((-8)/(-10)). Let h(l) = -7*l + 1. Let p(t) = i*d(t) + 8*h(t). What is p(s)?
-4
Let n(k) be the first derivative of -k**4/4 - 8*k**3/3 + 9*k + 88. Calculate n(-8).
9
Let c(k) = k**3 - 4*k**2 + k + 3. Let g(j) = j**2 - 5*j - 11. Let m(i) = i + 15. Let b be m(-8). Let t be g(b). What is c(t)?
-3
Let f(x) be the second derivative of -x**5/20 + 11*x**4/12 + 13*x**3/6 - 15*x**2/2 + x + 12. Calculate f(12).
-3
Let p(f) = 12 - 5*f - 2 + 5*f - 6*f + 9*f. Calculate p(4).
22
Let j(p) = -5*p**2 + 9*p + 20. Let n(b) = 4*b**2 - 10*b - 20. Let m(z) = 3*j(z) + 4*n(z). Give m(15).
10
Let i(z) = 2*z + 5*z**2 - 2*z**2 - 2*z**2 + 2 + 5 - 2*z**2. Calculate i(-5).
-28
Let r(c) be the second derivative of -c**5/20 + c**4/6 + 5*c**2/2 + c - 34. What is r(0)?
5
Let x(s) = 11*s - 105. Let f be x(9). Let a(i) be the third derivative of -i**4/24 - 4*i**3/3 - 7*i**2. Calculate a(f).
-2
Let t(z) be the second derivative of 1/2*z**2 - 10*z + 1/3*z**3 + 0. Suppose -5*h - 11 = 3*p, 4*h - 3*h + 13 = 3*p. Calculate t(h).
-7
Let g(w) be the second derivative of -2*w**3/3 + 11*w**2 + 174*w. Determine g(7).
-6
Suppose -12 = -3*q - q. Let x = -2 - q. Let a(h) be the second derivative of h**5/20 + 5*h**4/12 + h**3/6 + 2*h**2 + 4*h. Determine a(x).
-1
Let g = -1213 - -1218. Let a(i) = -2*i**3 + 10*i**2 - 2*i + 7. What is a(g)?
-3
Let b(g) = g**3 + 13*g**2 + 9*g - 11. Let f(n) = -3*n**3 - 28*n**2 - 17*n + 21. Let p(z) = -5*b(z) - 2*f(z). Give p(10).
3
Let w(b) = -b**2 + b + 13. Let h = 1897 - 1891. Determine w(h).
-17
Let d(p) = -6*p - 1. Suppose 3 = 5*v - 17. Give d(v).
-25
Let b(u) = -13*u**3 - 16*u**2 - 16*u - 12. Let a(w) = -16*w**3 - 20*w**2 - 20*w - 15. Let y(p) = 9*a(p) - 11*b(p). Give y(-3).
0
Let u be ((-4)/3)/(-4*3/18). Let o(m) = u*m + 2*m**2 + 9 - m**3 - 12 - 5*m**3 + 8*m**3. Give o(2).
25
Let z(w) be the second derivative of -w**4/6 - 7*w**3/6 + w**2 - 150*w + 1. Calculate z(-5).
-13
Suppose -o = k - 1, 3*o - 4*o + 5*k + 31 = 0. Let w(r) be the first derivative of -r**4/4 + 5*r**3/3 + 5*r**2/2 - 3*r - 3. Determine w(o).
-9
Let a = -37 + 61. Suppose 0 = 8*q - 12*q + a. Suppose -q*k + 4*k = 4. Let o(y) = -4*y - 1. Determine o(k).
7
Suppose 6*l = -9*l + 60. Let z(f) = 7*f + 1. What is z(l)?
29
Let k(r) = -r**3 + 6*r**2 - 6*r - 2. Suppose -j - 5 + 10 = 0. Let a be k(j). Let d(u) = u**3 + 6*u**2 - 8*u - 7. Calculate d(a).
0
Let u(h) = -3*h**2 - 5563 + 5562 + h**3 + h + 4*h**2. Give u(-2).
-7
Let y(q) = 3*q - 4. Let t(u) = -2*u + 3. Let s(a) = -a**2 + 9*a + 19. Let j be s(11). Let i(v) = j*y(v) - 4*t(v). Suppose 2*h = -0*h + 2. Give i(h).
-1
Let g(z) = -35*z**3 - z**2 + z + 1. Let a be (-42)/38 - (4/19)/(-2). Determine g(a).
34
Let l(s) = s**2 + 2*s + 2. Let t = -93 + 91. Give l(t).
2
Suppose 30*t - 25*t - 10 = 0. Suppose 3*y + 15 = -t*y. Let v(p) = p**2 - 2*p - 3. Give v(y).
12
Let i be ((-56)/(-70))/(1/5). Suppose -q + 17 = i*d, 0 = -4*d - 3*q + 17 + 2. Suppose -y - 3 = -d*f, 2*f = 7*f. Let l(g) = 2*g - 1. Calculate l(y).
-7
Let s(z) = 4*z + 3. Suppose -3*f + 3*m - 4*m = -14, -3*f - 3*m + 12 = 0. Give s(f).
23
Let m(n) = -4*n. Let w(b) = 21*b - 1. Let u(s) = -3*m(s) - w(s). Suppose 0 = 3*k + 2*k + j, 5*j - 30 = 5*k. Calculate u(k).
10
Let q = -21 + 24. Let f be (q + -4)/((-3)/(-15)). Let y(a) = a**3 + 4*a**2 - 5*a - 6. What is y(f)?
-6
Let c(t) = -t**2 + 4*t + 2. Suppose 2*z + 3 = -11. Let h = z + 20. Let w = h - 7. Give c(w).
-10
Let a(z) = -7 - 1 - 6*z + 5*z + 7. Give a(-2).
1
Suppose -c + 2 = -3*c. Let k(t) = t**2 + 3*t + 1. Let m(x) = 3*x**2 - 8*x - 3. Let n(p) = 2*k(p) + m(p). What is n(c)?
6
Let n = -14 - -17. Suppose k + 0 = n. Let x(t) = t - k*t + 1 + 2*t - 2*t. What is x(4)?
-7
Let j(n) = n**2 - n - 3*n**3 - 4*n**2 + 4*n**3 + 2. Suppose 0 = -0*v + 3*v + 5*a - 34, 0 = -4*v + 2*a + 28. Suppose -5*l + v = -l. Determine j(l).
-4
Let m = -14 - -25. Let z(l) = -20 + 20 + m*l**2. Determine z(1).
11
Let g(f) = 8*f + 2. Suppose -v + 5 + 1 = 0. Let l(r) = -v*r**2 - 3*r**3 + r**2 + 2*r**3 + r + 4 - r**2. Let h be l(-6). What is g(h)?
-14
Let a = 100 + -145. Let v be a/(-18)*(-4)/(-5). Let w(z) = z - v*z - 2*z**3 - z**3 + 17 + 2*z**3. What is w(0)?
17
Let k(u) = 15*u - 9. Let g(t) = -30*t + 16. Let q(p) = 4*g(p) + 7*k(p). Calculate q(1).
-14
Let s(u) = -23*u - 86 + 33*u - u**2 + 99. Determine s(9).
22
Let r(k) be the second derivative of -k**4/4 + 5*k**3/6 - k**2/2 - 200*k - 2. Determine r(4).
-29
Let r(n) be the third derivative of -n**5/60 + n**4/6 - n**3/3 - 4*n**2. Let q be r(2). Let l(o) = o**3 - o**2 - 1. What is l(q)?
3
Let x(c) be the first derivative of c**2 + 38*c - 93. Determine x(0).
38
Let v(f) be the second derivative of f**4/12 - 3*f**2/2 + 2*f + 45. What is v(0)?
-3
Let g be 3/12 - 36/32*-6. Let j(h) = 1 - 4*h + 5 + g + 3*h. Give j(8).
5
Let t(p) = p**3 - 3*p**2 + 4*p - 2. Let f be 18/8*36/27. Suppose 0 = -h - 5*c + 17, h - f*c = -0*h - 7. Calculate t(h).
2
Let a(b) be the second derivative of -b**4/12 - b**3/6 + 5*b**2/2 - 56*b - 1. What is a(7)?
-51
Suppose -3*m - 23 = -5*q - m, 3*q - 12 = 3*m. Let g(x) be the third derivative of -1/3*x**3 - 1/12*x**4 + 0*x + 8*x**2 - 1/120*x**6 + 1/12*x**q + 0. Give g(2).
6
Let x(r) = -r - r + 4*r + r + r**3 + 2 - 3*r**2 + 1. What is x(3)?
12
Let d(k) = -2*k + 5. Let a be (-2 + 3)*(0 + -2). Let s be ((30/(-6))/(-5))/(a/(-8)). Calculate d(s).
-3
Let t be (-39)/(-26) + 2/4. Let x(w) = -t*w**2 - w - 5 + 14 - 9. Calculate x(-3).
-15
Let a(f) = -f**2 + 5*f + 9. Let z be 0 + 12/4 - (-4)/1. Let m be a(z). Let r(p) = p**3 + 5*p**2 + p. What is r(m)?
-5
Let z(r) be the second derivative of 1/4*r**4 + 1/2*r**2 + 16*r + 2/3*r**3 + 0 + 1/20*r**5. Calculate z(-3).
-11
Let y(u) = 2*u - 2 - 32*u**3 + 0*u + 5*u**2 + 31*u**3. Determine y(5).
8
Let y(l) be the second derivative of 1/6*l**3 + 0 + 1/20*l**5 - 1/12*l**4 + 14*l - 3/2*l**2. Let i(b) = b**2 - 3*b + 2. Let z be i(2). What is y(z)?
-3
Let x be 2/((-48)/20) + 47/6. Let p(k) = k**2 - 12*k + 13. What is p(x)?
-22
Let q(g) be the second derivative of 12*g + 0 - 1/6*g**3 - 3/2*g**2. Give q(6).
-9
Let i(f) = -6*f**2 + 14*f + 7. Let v(d) = 5*d**2 - 10*d - 6. Let u(z) = 4*i(z) + 5*v(z). Determine u(-7).
5
Let i(c) = c + 8*c + 8*c**2 + 2*c**3 + 6 + 0*c**3 - c**3. Determine i(-7).
-8
Suppose 9*k - 49 + 13 = 0. Let o(q) = -q**3 + 5*q**2 - 3*q + 3. Give o(k).
7
Let p(x) = -3*x + 69 - 35 + 4*x. Calculate p(0).
34
Let u = 1096 - 1095. Let x(f) = 23*f. What is x(u)?
23
Let i(s) = 8*s + 3*s - 2 + 8*s + 1 - 4*s - s**2. Calculate i(9).
53
Suppose 4*k = -3*h - k + 34, 12 = -h + 3*k. Suppose -1 = h*a - 4*d - 4, 5*a - 31 = -2*d. Let m(v) = v**3 - 6*v**2 + 3*v - 4. What is m(a)?
-14
Let z be (2/6)/(2/618). Let r = -66 + z. Let k(x) = -r*x + 33*x + 0*x**2 + x**2 + 2*x**2 + 2. Calculate k(2).
6
Let c(g) = 4*g**2 - 4*g + 3. Suppose -17 + 15 = -4*s + 2*i, 4*s + 4*i - 20 = 0. Determine c(s).
11
Let i(w) = 24*w + 52. Let g(t) = -11*t - 24. Let h(y) = -13*g(y) - 6*i(y). Give h(1).
-1
Let c(m) = -m**2 + m + 10. Suppose -4 = -4*r - 4. Calculate c(r).
10
Suppose -7*j - 208 + 68 = 0. Let q = j + 25. Let m(g) = g**2 - 7*g + 5. Let t(u) = -u**2 + 7*u - 5. Let v(n) = -5*m(n) - 4*t(n). What is v(q)?
5
Let h(q) = q**2 + q. Suppose -3 = -4*y + 3*y. Let n be 1 - 0 - (-3)/y. Let f be 0*3/9 + n. Determine h(f).
6
Let j be 3 + (7 - 4) + -4. Suppose -2*t + j = -2*w, 2*w + 5*t - 6 - 13 = 0. Let o(q) = -q**2 + 2*q